 m + 200 = v*r + 855, 5*m - 3275 = 3*r. Suppose 5*w + 0*w - m = 0. Is w composite?
False
Let f = 50 - -55. Let a = 12 + -8. Suppose a*i = 115 + f. Is i prime?
False
Suppose 4*y = -140 + 460. Suppose -3*g - 17 = -y. Suppose 2*m = m + g. Is m composite?
True
Let t(r) be the second derivative of r**4/6 + 7*r**3/3 - r**2/2 + 2*r. Let o(l) = l**3 + 7*l**2 + l - 3. Let i be o(-7). Is t(i) a prime number?
True
Suppose 5*x + 900 = 4*j, x + 6*j + 180 = 2*j. Let r = 283 + x. Is r a prime number?
True
Let m(j) = -2*j + 6. Let g be m(-3). Suppose 0 = -g*d - 2050 + 11566. Is d prime?
False
Let z = -329576 - -511519. Is z a prime number?
True
Let m be 8 - (-4)/(-5 - -3). Let o = 6 - m. Suppose 5*d = -o*d + 1735. Is d composite?
False
Let a = 0 + -4. Let s(b) = -b**2 + 2*b - 1205. Let q be s(0). Is q/a - 16/64 a composite number?
True
Let b(l) = -l**2 - 8*l - 2. Let t be b(-7). Suppose t*y - 1067 + 357 = 5*d, -3*d = -y + 148. Is y composite?
False
Let m(a) = 48*a**2 - 19*a - 28. Is m(-13) a composite number?
True
Suppose 40*f = 20*f + 151720. Is f composite?
True
Let b(a) = -38*a + 223. Is b(0) composite?
False
Is 3 + (-66)/5*10620/(-54) composite?
True
Suppose -2*i - 43 = -k, -4*i - 203 - 12 = -5*k. Suppose f = -k - 13. Let b = f + 94. Is b composite?
True
Suppose 3*d + 117 = 981. Let l = -161 + d. Is l composite?
False
Let p(b) = -b**3 + 31 + 249 - b + 97. Is p(0) prime?
False
Suppose -118 = -11*n - 30. Is -5 + (-126)/(-24) - (-4326)/n a prime number?
True
Suppose 2*a - 8459 = -5*b, -5*b + 4969 = a + 752. Suppose -6*q + a = -0*q. Is q prime?
False
Suppose -u + 7 = -4. Let n = u - 8. Let v(z) = 8*z**2 - 4*z - 1. Is v(n) a composite number?
False
Let z = 9600 - 5593. Is z a composite number?
False
Suppose -6*n + 3*n = 15. Is (-2)/(-2*n/(-1130)) a composite number?
True
Let w be (9 - 2)*16/28. Let r = -792 + 2257. Suppose w*x - r = 3*x. Is x a composite number?
True
Let f(u) = -256*u + 143. Is f(-60) composite?
True
Let a(w) = 3*w + 21. Let m be a(13). Let y = m + 343. Is y prime?
False
Let a be (12/8)/((-2)/(-4)). Let s(t) be the first derivative of 21*t**2 + t + 59. Is s(a) prime?
True
Let c(l) = -5*l + 11351. Is c(0) prime?
True
Let w = 2453 - 1722. Is w prime?
False
Suppose 4*x - 2*q = 12412, 4*x = -5*q + 11041 + 1371. Let b = x - 1187. Suppose 0*n = 4*n - b. Is n a prime number?
True
Suppose -12*l - 129845 = -17*l + 3*j, 0 = 4*l + 3*j - 103876. Is l a composite number?
False
Suppose 13*z - 106475 = 8*z. Is z a composite number?
True
Suppose -11 = -k - 1. Let p(x) = x**3 + 15*x**2 + 8*x + 34. Let i be p(-14). Is 0/k + (i - -1) a composite number?
True
Suppose 3*u - 5227 = -2*g, -157 + 2781 = g + 5*u. Is g prime?
True
Let i be -2 - (2 + -8) - (-844 + 0). Suppose 0 = 2*w - 10*w + i. Is w a composite number?
True
Suppose 2*h - 4 = 3*o - 5*o, 4*h = 3*o + 8. Suppose h*j + 144 = 4*j. Let g = j + 25. Is g a prime number?
True
Suppose -13*s + 12*s + 2761 = 0. Is s a composite number?
True
Suppose -11*z = z - 10788. Is z composite?
True
Suppose 19*d - 145528 - 126267 = 0. Is d a composite number?
True
Let p(u) = 15*u - 17. Let m be p(-16). Let r = 138 + m. Let o = r + 166. Is o a prime number?
True
Is ((-24327459)/(-143))/17 + (-4)/22 a prime number?
True
Let q = -108 - -113. Suppose -3*r + 3494 + 1474 = -m, 15 = q*m. Is r a prime number?
True
Suppose 0 = 4*g + p - 18 + 5, 0 = -5*p + 25. Is (g/(-12))/(-1) + (-55110)/(-36) composite?
False
Let i(d) = -30*d + 19. Let p be i(-19). Let s = -52 + p. Is s a composite number?
True
Suppose -8 = 7*p - 5*p. Let q(l) = -91*l - 9. Is q(p) a prime number?
False
Suppose -27420 = -21*w + 195. Is w prime?
False
Let g(a) = -8*a**3 - 7*a - 5. Let q(j) = -4*j**3 - 3*j - 3. Let l(h) = 2*g(h) - 5*q(h). Let x be l(5). Let o = -299 + x. Is o a prime number?
True
Let f be 3 - 105/(1 - -4). Is 3327*3*(-2)/f a prime number?
True
Is -1*(56924/(-6) - (-3)/9) prime?
False
Let x = 8564 - 6061. Is x prime?
True
Let m be -1 + -4 + -4 + -1 + 7. Let h(x) = x**3 + 7*x**2 - 2*x - 7. Is h(m) a prime number?
False
Let a(s) = -2274*s + 121. Is a(-20) prime?
False
Let t(a) = -a. Let g be t(-2). Suppose 0 = -5*s + g*s - 564. Let c = -25 - s. Is c a composite number?
False
Suppose 59382 = 17*x + x. Is x a composite number?
False
Is ((-2)/4)/(19 - 20)*28326 prime?
False
Suppose 2*j = 2*k - 895 + 25507, -j + 12298 = k. Is j composite?
True
Let z = -6448 + 11801. Is z prime?
False
Is (-31567)/(2 + (-3)/1) a composite number?
False
Is 37484/6 - (8 - -9)/51 prime?
True
Suppose 9208 + 12240 = 3*a + 5*v, 14303 = 2*a - v. Is a prime?
True
Let q be (-21)/9 + 4/(-6). Let i(u) = -2*u**3 - 8*u**2 + 14*u + 1. Let l(w) = -w**3 - 9*w**2 + 13*w + 1. Let h(x) = q*l(x) + 2*i(x). Is h(8) prime?
True
Suppose 195186 = 10*a - 188324. Is a a prime number?
True
Let h(o) = -3*o - 43. Let y be h(-13). Let a(g) = -19*g**3 + 5*g**2 + 4*g + 2. Is a(y) composite?
True
Let l = -23204 - -69541. Is l prime?
True
Let p = 6958 + -2237. Is p a prime number?
True
Let s be -1 + 0 + 4212/12. Suppose 2*o = 5*j - 415, 0*o - s = -4*j - 2*o. Is j a composite number?
True
Is (-16)/24 - 247435/(-15) a composite number?
True
Let o(x) = 9*x. Let u be o(-18). Let h = 175 + u. Is h a prime number?
True
Let y = -8 - -10. Let m(p) = 0 - 7 + p + y + 13*p**3 - 2*p**2 + 4. Is m(2) composite?
False
Is (-13972)/16*(3 - 7) composite?
True
Let x(m) = 3*m**3 + 5*m**2 + 6*m + 2. Suppose 4*r = r - 3*i + 12, 5*i = -3*r + 2. Let b be x(r). Suppose b = 3*v + 185. Is v a composite number?
False
Let w(g) = -g**3 - 5*g**2 + 20*g - 163. Is w(-29) a composite number?
False
Let h = 20 + -8. Let y = 70 - h. Is -6 + y + (4 - 1) a prime number?
False
Let x = 39 + 146. Suppose 4*s + s = x. Is s composite?
False
Let b be 7*2*(-388)/(-8). Is (b/2)/(14/28) a prime number?
False
Suppose -5*d - 21790 = -5425. Let q = d + 9416. Is q a prime number?
True
Let f = 47805 - 30950. Is f composite?
True
Suppose p = 3*m + 25174, -p + 2*m = -4011 - 21166. Is p a prime number?
True
Let b(a) = a**2 - 8*a + 11. Let r be b(8). Let u be (r/4)/(9/36). Suppose -u + 186 = d + 2*s, 5*d = -s + 893. Is d a prime number?
True
Suppose -5*h = -4*c - 52799, -c = 3*h - 21743 - 9933. Is h a prime number?
True
Suppose t = 3 + 5. Let h(j) = j - 6. Let i be h(t). Is i*184 + 3 + 0 a prime number?
False
Let g(z) = 3556*z + 337. Is g(10) a composite number?
False
Suppose 618 = n - 5*o - 71, -3*n + 2107 = -5*o. Let q = n - 265. Suppose 0 = 5*t - q - 191. Is t a composite number?
False
Suppose -4*m = -o - 34, -3*m - 52 = 4*o + 2*m. Let a be -8 + 4 - (o - -3). Let b(j) = j**3 - 9*j**2 - 17*j + 12. Is b(a) a composite number?
False
Suppose 0 = -2*t + 6*t - 36. Let s be 3/t*(1 + -1). Suppose s = q - 4*q - 5*k + 472, 4*q + k = 601. Is q composite?
False
Suppose -6*j - 335 = 5*p - j, 2*p = -j - 138. Let a = 234 + p. Is a a prime number?
True
Let o be 14*(8/(-10))/((-56)/20). Suppose 2*g - o*d = 534, -1 = -d - 6. Is g a prime number?
True
Suppose -9*x = 2*x - 14047. Is x a prime number?
True
Suppose 4*q - 4*z = 12, 4*z - 9 = -2*q + 3. Suppose 4*d + q*d = 5944. Is d a composite number?
False
Let x(z) = z**2 - 7*z + 11. Let m be x(7). Suppose -4*f + 230 = 10. Is (-2)/m + 37355/f a prime number?
False
Let m(g) = 0 - 1 + 3 - 37*g. Suppose 4*d - 4*t = -12, 5*d - 3 = -4*t - 18. Is m(d) composite?
False
Let h(s) = s**3 + 10*s**2 - 21*s - 7. Let j be h(-12). Let t(x) = -155*x**2 - x. Let i be t(1). Let l = j - i. Is l prime?
True
Let f = 47915 + -19989. Is f a prime number?
False
Let q(d) = d**2 - 4*d - 15. Let t be q(7). Suppose 3 = 4*s - 3*o, 3*s + 3*o = t*o. Suppose -5*p + 4*p = -s. Is p composite?
False
Suppose -2*n = -3*y + 26245, 9*n = 4*y + 13*n - 34960. Suppose y = 11*v - 1628. Is v a composite number?
True
Let j = -129821 + 209308. Is j a composite number?
True
Let p = 9684 + -655. Is p a prime number?
True
Let c(t) be the second derivative of -t**4/12 - 2*t**3/3 + t. Let v be c(-4). Suppose v = 3*r - 4*r + 55. Is r composite?
True
Let d = -62433 - -145238. Is d a prime number?
False
Let v = -1 + 7. Let a(y) = -y**3 + 11*y**2 + 1. Let p be a(v). Suppose 0 = -t + 2*q + p, -t + 5*q = -4*t + 565. Is t prime?
False
Suppose -r + 4*s = 4*r + 5854, 5*r + 3*s = -5847. Let c = r + 2009. Is c a prime number?
True
Suppose -2*y - 8 + 912 = 0. Let v = y + -261. Is v a prime numbe